. Let c be n(-6). Let d(s) = -s**2 - 75*s - 590. Let x be d(-65). Calculate the highest common divisor of c and x.
60
Let z = 5753 - 5737. What is the greatest common factor of 41 and z?
1
Let q be ((-572)/66)/(4/(-6)). Let z = 129 - q. Let n = 141 - z. What is the highest common factor of 50 and n?
25
Let l(z) = 95*z**2 + 4*z + 5. Let d be l(-1). Let u be 74 + 0 + 5 + -7. What is the highest common factor of d and u?
24
Let i(j) = -2*j**2 - 77*j + 136. Let x be i(-40). Let t = -5 + 15. Calculate the greatest common divisor of t and x.
2
Let r = 237 + -183. Suppose 0*x + 2*x - 218 = -3*f, -f + 3*x = -80. Let a = f - r. Calculate the highest common factor of 10 and a.
10
Suppose 2*s - 10 = -3*s. Let i = -1 + s. Let t = 38924 + -38921. Calculate the greatest common divisor of t and i.
1
Suppose -34*f + j - 13600 = -36*f, -4*f = -4*j - 27200. What is the highest common factor of f and 408?
136
Let j = 5432 + -5112. Let p(g) = 9*g - 2. Let y be p(2). Calculate the greatest common divisor of y and j.
16
Let x = -213 + 3716. What is the greatest common factor of x and 31?
31
Let b be 1806/(-10) + 9/(225/(-10)). Let a = b + -56. Let c = a + 351. Calculate the greatest common divisor of c and 6.
6
Let i = 23710 - 11467. What is the greatest common factor of i and 63?
21
Let w = -1232 + 879. Let y = w + 238. Let f = y - -142. What is the greatest common divisor of 54 and f?
27
Suppose 4*l - 6*f - 105350 = -3*f, -4*f = 2*l - 52664. What is the greatest common divisor of l and 32?
32
Suppose 28*u + 43148 = 29*u - 4*n, 0 = -2*n + 14. What is the greatest common divisor of 84 and u?
84
Let t = 1955 - 1751. What is the greatest common divisor of t and 36?
12
Let o(k) = k**3 + 2*k**2 - 3*k - 3. Let a be o(-3). Let w be (-1 - -1)*2/(-6). Let p be (17 - w)*(a - -4). Calculate the greatest common factor of p and 136.
17
Let a(p) = 246*p**2 + 14*p + 30. Let n be a(-4). What is the highest common divisor of 46 and n?
46
Let d be ((-2334)/(-4))/(57/38). Let y = d + -356. Calculate the highest common divisor of 429 and y.
33
Suppose 0 = -2*c + m + 6, 2*c - 7*c = 3*m - 26. Suppose 5*t + 33 = 3*o - 0*o, 0 = c*o - 4*t - 36. Calculate the highest common divisor of o and 186.
6
Suppose 2*p = -0*p + 12. Suppose 73 - 8 = 5*j - 5*b, -4*j - b + 47 = 0. Let t = j - -30. Calculate the greatest common divisor of t and p.
6
Suppose 34911*g + 48069 = 34914*g. What is the greatest common divisor of g and 63?
21
Suppose -4*z + 248 = u + 3*u, -u + 326 = 5*z. Suppose -6*b + 2*b - 4 = 0, -5*y + z = -b. Suppose f - 43 = -y. Calculate the highest common divisor of 6 and f.
6
Let c be 3 + 0/(-4) + -5 - -5. Suppose 20 = 2*o + c*o. Suppose 2*l - 141 = -5*x, -o*x - 25 = -2*l + 107. What is the greatest common factor of l and 17?
17
Suppose 4*b + 49776 = 4*l, 20*b = 23*b - 9. Calculate the highest common divisor of 27 and l.
27
Suppose -25*z + 6882 = -418. Let i = z + -28. What is the highest common factor of 352 and i?
88
Suppose -m = 3*o - 71, -40 = -2*m - o + 72. What is the greatest common factor of 4240 and m?
53
Suppose -3*l - 5*r = -28518, -l - 11*r = -15*r - 9540. Calculate the highest common divisor of l and 61.
61
Let y be (-16)/(-6)*63/28. Suppose 7*n - y*n - 33 = 0. Let w(l) = l**3 + 2*l**2 - 5*l - 8. Let a be w(3). What is the greatest common factor of n and a?
11
Let l be (-10)/(-20)*(40 + 0). Let n be 3*4/(-3) + 1 + 7. Suppose -n*a + 4*m = -408, -3*a - 30 = 4*m - 322. Calculate the highest common divisor of l and a.
20
Let c be (-4)/28*6*(10/(-2) - 247). What is the highest common divisor of 2880 and c?
72
Let o = 11 + -6. Let l(i) = i**2 + 653 + o*i - 653. Let w be l(-8). Calculate the highest common factor of 3 and w.
3
Let q = 9877 + -9827. Calculate the greatest common divisor of 16650 and q.
50
Suppose -10*k + 210 + 260 = 0. Suppose 0 = -2*m - 4*b + 28, 5*m - 4*b = k + 51. What is the greatest common factor of m and 96?
6
Suppose 0 = -3*f - 19 + 286. Let o = f + -64. Let b(l) = 227*l - 2. Let y be b(1). What is the greatest common factor of y and o?
25
Let a = -323 + 330. Suppose a*s - 14*s = -14. Let d = -37 + 59. Calculate the greatest common factor of s and d.
2
Let x(z) = -z**2 + 8*z - 5. Let y be x(5). Let o be 2/4*1*0. Suppose o = -2*m + y + 50. Calculate the greatest common divisor of 330 and m.
30
Let x = 420 + 36. Suppose -3*g + x = 3*c, 4*c - g = 2*c + 295. Suppose 0*t - 56 = -2*t - 4*a, -5*t - a = -c. What is the greatest common factor of t and 20?
10
Let v(s) = -5*s**2 + 7*s + 12. Let j be v(-2). Let l(i) = i**3 + 21*i**2 - 29*i + 35. Let q be l(j). What is the highest common factor of 27 and q?
27
Let w be 9*(165/57 + 2/19). Suppose 2*b - w = -2*b - 3*o, b = 3*o + 3. What is the highest common factor of b and 144?
6
Let a(z) = -z + 7. Let j be ((-2)/6)/(2/(-72)). Let q be (j/(-18))/(1 + (-7)/6). Let f be a(q). Calculate the highest common factor of f and 2.
1
Let x be (-16)/18 + 940/45. Calculate the highest common divisor of x and 40.
20
Let z(p) be the first derivative of 13*p**4/4 - p**3/3 - 5*p**2 + 10*p - 50. Let t be z(1). What is the greatest common divisor of t and 4?
4
Let n = 31 - 25. Suppose 2*i = 4*y, 3*y - 14 = -3*i + 4. Suppose y*x = -6 + 66. Calculate the greatest common factor of x and n.
6
Let r be ((-5)/(-4))/(724/144 - 5). Let f be 1113 + 6/(54/r). What is the greatest common divisor of 86 and f?
86
Let l be (-2 - (-9)/4)/((-59)/(-43660)). Calculate the greatest common factor of 15 and l.
5
Let g be ((-867)/9)/((-2)/6). Let p = 293 - g. Calculate the greatest common factor of p and 30.
2
Let m be (-264)/42 + 2*(-1)/(-7). Let w(s) = -14*s - 19. Let h be w(m). Let j = -50 + 63. What is the highest common divisor of h and j?
13
Suppose 157*x - 168*x + 20328 = 0. Suppose -5*h - 2*h + x = 0. What is the highest common factor of h and 120?
24
Let i(q) = 16*q - 27. Let a(z) = -5*z - 27. Let u be a(-6). Let w be i(u). What is the highest common factor of w and 14?
7
Let g = -38 + 80. Suppose 5*u = 6*u - 72. Let x = u - g. What is the greatest common factor of 60 and x?
30
Let a = -559 + 867. Suppose 2*d = 5*x - 25, -2 - 11 = -x + 2*d. Suppose -11*m + 5*m = -3*n - 177, x*m - 96 = 4*n. What is the highest common factor of m and a?
28
Let v be -8*(1 + -2)*1. Let z(f) = -f**3 - 36*f**2 - 100*f - 31. Let t be z(-33). Let p be ((-116)/(-174))/(t/18). What is the highest common factor of p and v?
2
Let l be (-4 - (1 + -4))*(0 - -302). Let o = -284 - l. What is the greatest common divisor of o and 45?
9
Let u be (-30)/150 - ((-81288)/(-10))/(-4). What is the greatest common factor of 16 and u?
16
Suppose w - 9*d - 1 = -7*d, 0 = 2*w + 5*d - 11. Suppose -4*s = 3*g - 113, 7*s + 2*g - 110 = w*s. What is the greatest common divisor of 78 and s?
26
Suppose -67*w + 3837 = -18*w - 3023. What is the greatest common divisor of 1470 and w?
70
Suppose i = -4*i + 5. Let y be i + -1 + (1 - -39). Let r = -1413 - -1493. What is the highest common divisor of r and y?
40
Suppose -5*r + 120 = -100. Let c = -51 - -105. Suppose -c - 45 = -9*g. What is the greatest common divisor of g and r?
11
Suppose -22*m = -21*m + 5*w + 3, -3*m + 4*w - 28 = 0. Let q be 2/m - (-343)/28. Let p be (-162)/(-8) + 2/(-8). What is the greatest common divisor of q and p?
4
Let x be 871 + 2 + (5 - -4 - 6). Suppose -y + 4*y = 3*s - x, -2*s + 5*y = -596. Calculate the highest common factor of 36 and s.
36
Let x(q) = 6*q**2 + 22*q + 53. Let d be x(-9). Let h = -333 + d. Suppose -p = -4*p + 24. What is the highest common divisor of p and h?
8
Let l = 4270 - 4010. What is the highest common divisor of l and 104?
52
Let y be 5 + (-682)/(-14) - 13/((-637)/14). Calculate the highest common divisor of 23022 and y.
18
Let r = -813 + 878. Suppose 0 = -o, 5*j + 2*o - r = 7*o. Calculate the highest common divisor of 1261 and j.
13
Suppose -49 = 5*d + 2*x - 5*x, -4*d + 5*x = 47. Let s be 15076/20 + d/10. Suppose 10*u - s + 63 = 0. What is the greatest common divisor of 23 and u?
23
Suppose -22*r + 30*r = 2*t + 3282, -1269 = -3*r + 5*t. What is the greatest common factor of 2278 and r?
34
Let p(s) = -s**2 - 47*s - 124. Let k be p(-38). What is the greatest common divisor of 8175 and k?
109
Let m(a) = -43*a + 4120. Let n be m(94). What is the greatest common divisor of 5889 and n?
39
Suppose 3*j + 8 = 2*n, -3